 + 2*x**2 + 3*x + 3. Let o(a) = -6*g(a) + p(a). Determine o(n).
3
Let g be 2/((-48)/(-14)) + 2/(-8). Let q(h) be the second derivative of 0 + g*h**3 - 3*h - 5/2*h**2. What is q(4)?
3
Let y(n) be the third derivative of 1/6*n**3 + 0*n - n**2 - 1/60*n**5 + 0 - 5/24*n**4. Give y(-4).
5
Let r = -52 - -54. Let j(x) be the first derivative of -1/2*x**r - 2 + 0*x**3 + 1/4*x**4 - x. Calculate j(-1).
-1
Let w(x) = x + 1. Let t(g) be the first derivative of 5*g**2/2 + 4*g - 4. Let q(s) = 2*t(s) - 9*w(s). Determine q(3).
2
Let h(r) = r + 3. Suppose 3*f + 2*q = -24, -5*f - 12 = -3*q + 9. Let u = -12 - f. Calculate h(u).
-3
Let n(z) = -z + 1. Let w(y) = -y + 20. Let x be w(16). What is n(x)?
-3
Let l(d) = -2*d - 1. Let h be 1*-1*(-6 - 3). Let p be -3 - -2*(-3 - -7). Suppose 0 = -z + p - h. Calculate l(z).
7
Let z(a) = -7*a + 2. Let x(w) = 6*w - 1. Let f(y) = 6*x(y) + 5*z(y). Calculate f(0).
4
Let d(r) = -r + r**2 - 3 + r - 7*r. Let w be 9/2 + 3/2. Calculate d(w).
-9
Let x(v) = 8*v - 1 - v**2 + 3*v + 2*v**2 - 4*v. Let g be x(-7). Let h(f) = 1 + 18*f**2 - 12*f**2 - 1. What is h(g)?
6
Let f(a) = -2*a + 17. Let d be f(5). Let q(n) = -n**2 + 9*n + 8. Calculate q(d).
22
Let c(v) = v**2 - 7*v + 17. Let h be c(3). Let q(u) = 4*u - 7. Calculate q(h).
13
Suppose -o = 2 - 4. Let v(l) = -o*l - 2*l**2 - 6*l**3 + 4*l**3 + l**3. Calculate v(-2).
4
Let m = 32/21 + -211/140. Let g(h) be the third derivative of 0*h - 1/24*h**4 - 13/6*h**3 + 0 - m*h**5 + 3*h**2. What is g(0)?
-13
Let d = 6 - 0. Let w(t) = t**3 - 5*t**2 - 7*t + 3. Let l be w(d). Let r(y) = -174 + 21*y**2 - 22*y**2 - 3*y + 171. Calculate r(l).
-3
Let l = 9 + -6. Suppose 0 = l*d + 2 + 1. Let y(o) = 15*o**2 - 8*o + 14. Let j(z) = 5*z**2 - 3*z + 5. Let f(n) = -11*j(n) + 4*y(n). What is f(d)?
5
Let w(s) = s**2 + s + 1. Suppose 2*n = n. Give w(n).
1
Let j(d) = -d**2 - 3*d + 5. Let y(t) = 5*t - 17. Let i(x) = -21*x + 67. Let l(a) = -2*i(a) - 9*y(a). Let c be l(8). Calculate j(c).
-5
Let a(v) = v**2 + 0*v**2 - 4*v + 4 - 4 - 6. Determine a(6).
6
Let n = 7 - 13. Suppose -5*a + 0 = -20. Let d(k) = 0*k - 1 + a*k - 5*k. Determine d(n).
5
Let l(a) = -a**2 - 10*a - 6. Let w be l(-9). Let q(p) = -p. Let h(t) = 5*t + 1. Let x(g) = w*q(g) + h(g). Let f(n) = n + 6. Let i be f(-5). What is x(i)?
3
Let h(n) be the second derivative of n**3 + 27*n. Calculate h(-1).
-6
Let c(z) = 3*z**2 + 1. Let q be 472/18 + 2/(-9). Let p = q + -25. Calculate c(p).
4
Let v(c) = -10*c**2 - 2*c - 1. Let i(l) = 30*l**2 + 6*l + 3. Let p(z) = 3*i(z) + 8*v(z). Suppose -4*f + 7*f = -3. Determine p(f).
9
Let k(p) = -2*p**2 + 4*p - 4. Let m(q) = q**2 - 4*q + 3. Let h(c) = -2*k(c) - 3*m(c). Let t(y) = -2*y + 3. Let x be t(4). Calculate h(x).
4
Let q = -27 + 32. Let h(f) = -q - f - f**3 + 4*f + 1 - 2*f**2. Give h(-3).
-4
Suppose 2*a + a = 3. Let q be 0 - (-2 + 0) - a. Let f(t) = -t**2 - t - 1 - q - 6*t. Calculate f(-3).
10
Let m be ((-5)/(-3) - 1)*3. Let k = -6 + 9. Let q(h) = -2*h - k*h + 3*h**m + 3*h. Give q(2).
8
Suppose 2*u + 2*u - 6 = 2*i, i - 3*u + 6 = 0. Let h(r) = 2*r**3 - 5*r**2 + 2*r - 1. Calculate h(i).
14
Let p = -14 + 17. Let l = 1 - -1. Let h(v) = 0*v**2 + l*v**2 - 2*v - v**2. Give h(p).
3
Suppose -3*b - 13 = -m, -m = -5*b - 4 - 21. Let i(n) = -2*n - 6. Calculate i(b).
6
Let l(p) be the first derivative of p**3/3 - p**2/2 - 2*p + 2. Let u(s) be the first derivative of l(s). Suppose -3*x + 16 - 4 = 0. What is u(x)?
7
Suppose -2*b = y - 11, -b + 19 = y + 3*b. Let t(w) = 3*w - 3 + w**2 - y + 2. Let x = -8 - -5. Calculate t(x).
-4
Let j(u) be the second derivative of -1/3*u**3 - 1/6*u**4 + 0*u**2 - 5*u + 0. Give j(-2).
-4
Let z(b) be the first derivative of -2*b**3/3 + 5*b**2 - 8*b + 34. Give z(6).
-20
Suppose y - 1 = 9. Let x be (-3)/((-5)/(y/3)). Let j(t) = -3 + t + 3*t + t. What is j(x)?
7
Let w(s) be the third derivative of s**4/12 + 7*s**3/6 - 5*s**2. Let l(q) = 6*q**2 + q + q**3 + 2 - 2. Let d be l(-6). What is w(d)?
-5
Let u(s) be the first derivative of -s**4/4 + 2*s**3/3 + s**2 + 2*s + 1. Let k(i) = -i + 4. Let z be k(3). Let p be 5 + (-1)/(z/2). Give u(p).
-1
Let w(k) = 4 + 4*k - 1 - 3*k. Give w(-3).
0
Let t(u) = -5*u**2 - 7 + 6*u - u**3 - 5*u + 5*u - u. Determine t(-6).
-1
Let c(h) = -h**2. Let s(t) = 11*t**2 - 4*t + 3. Let v(y) = -5*c(y) - s(y). Determine v(2).
-19
Let m(v) = -v**2 - 2. Let y = -12 + 19. Suppose 3*f = y - 1. Suppose -1 = f*j + 3. Calculate m(j).
-6
Let r(b) be the third derivative of b**6/120 - b**5/60 - b**4/24 + 5*b**3/6 - 10*b**2. Let m be 1/(-4) + 1/4. Determine r(m).
5
Suppose 12 = 3*u, 2*u + 4 = -5*j + 2. Let c(l) = 5*l**2 + 4*l + 4. Let n(w) = 11*w**2 + 9*w + 9. Let d(q) = -5*c(q) + 2*n(q). Give d(j).
-10
Let v(s) = -s**3 + 2. Let d be (-4)/(2 + -3) + -3. Let r = d + 1. Determine v(r).
-6
Let s(i) = -9*i + 4*i**2 + 9*i**2 - 2 + i**3 + 6*i**2 - 12*i**2. Calculate s(-8).
6
Let d(j) = j**2 + j - 4. Let g be d(-3). Let o(u) = -7*u + 6. Let t be 8/(-12) + 5/3. Let c(y) = -y + 1. Let p(n) = t*o(n) - 6*c(n). What is p(g)?
-2
Let v(b) be the first derivative of -2*b + 2 + 1/3*b**3 + 1/2*b**2. Let n = -7 + 4. What is v(n)?
4
Let m be 1 + -1 + -2 + -1. Let d(q) = -q**2 + 6*q - 3. Let f(k) = 2*k**2 - 17*k + 9. Let c(y) = m*f(y) - 8*d(y). What is c(-3)?
6
Let c(s) = -s**2 + 7*s - 19. Let j be c(3). Let r(a) = a**2 + 8*a - 1. What is r(j)?
-8
Let y(t) = 7*t**2 + 5*t + 3. Let g = -9 - -8. Let x(p) = -p**2 - p - 1. Let o(q) = g*y(q) - 5*x(q). What is o(2)?
-6
Let t(g) = -g**2 - 6*g + 1. Let k = -67 - -61. Calculate t(k).
1
Let b(x) = 9 - 3 + 4*x + 0*x - 2. What is b(-4)?
-12
Suppose u + 3 = 0, -5*u + 17 = -5*o - 48. Let s = o + 11. Let m(k) = -k**3 - 4*k**2 + 6*k - 3. Calculate m(s).
-8
Suppose 3*r - 24 = -3*v, v + 48 = 3*r - 4*v. Let j = r + -7. Let l(i) = j*i**2 + 2*i - 3*i + i**3 - 3 - 6*i. Calculate l(-5).
7
Suppose -2*y + 11 = -2*f - 5*y, -3*y = -5*f - 38. Let q(h) = -h**2 - 10*h - 9. Determine q(f).
12
Suppose 0 = -c - 2*m, c = -2*c + 4*m + 10. Let f(d) = -d**3 + 6*d - 9*d**2 + 7*d**c - 3*d**2. Calculate f(-6).
0
Let r(n) = n - 2*n - 4*n + n**3 + 5 - 3*n**2. Determine r(4).
1
Let s(q) be the first derivative of -2*q**3/3 + q**2 - 3*q + 1. Let h be (-148)/(-28) - 2/7. Suppose -12 = -4*p + 3*p + 2*v, 0 = v + h. Calculate s(p).
-7
Let j = -5 + 8. Let l(y) = -7*y**3 + 9*y**2 + 15*y - 4. Let v(w) = 11*w**3 - 14*w**2 - 23*w + 6. Let p(q) = -8*l(q) - 5*v(q). Give p(j).
-4
Suppose 50 = -5*s + 7*c - 2*c, 3*c + 6 = -3*s. Let z(f) = 15*f + 5. Let n(i) = -i - 1. Let m(x) = s*n(x) - z(x). What is m(-1)?
10
Let i(m) be the first derivative of -m**4/4 - 4*m**3/3 - m**2 - m + 8. What is i(-2)?
-5
Let x(m) = -6 + 9*m**3 - 5*m**2 + 3*m**3 - 13*m**3. Let j be (-2 - -4)/((-2)/9). Let v be (-2)/6 - (-42)/j. Calculate x(v).
-6
Let w(z) = z**2 + 17*z + 8. Suppose -2 = -0*c - c. Let q(b) = -4*b - 2. Let n(i) = c*w(i) + 9*q(i). Calculate n(2).
2
Let p = 112 + -117. Let n(h) = -h**2 - 3*h + 3. Calculate n(p).
-7
Suppose -5*u + 18 = -2*u. Let i be u/3 + -5 + 1. Let l be (i - -1) + 7 + -2. Let r(o) = o**2 - 5*o + 3. Give r(l).
-1
Let u(z) be the first derivative of -3*z**2/2 + 2*z - 51. Calculate u(7).
-19
Let m(o) be the second derivative of -o**6/240 - o**4/3 - 6*o. Let d(b) be the third derivative of m(b). Give d(-1).
3
Suppose 0*y + 15 = 3*y. Let x(i) = -2*i**3 - 4*i**2 - 5*i + 4. Let q(w) = -w**3 - 4*w**2 - 5*w + 3. Let z(r) = 3*q(r) - 2*x(r). Give z(y).
1
Let o(h) = h**2 - 7*h + 1. Suppose 0 = -4*d - 18 + 6, -5*j + 3*d + 39 = 0. Give o(j).
-5
Let p(l) = 4*l**2 - 2*l - 8. Let d(o) = -3*o**2 + 2*o + 8. Let r(q) = 3*d(q) + 2*p(q). Let i(y) be the first derivative of r(y). Determine i(3).
-4
Let n(c) = 42*c - 7 - 83*c + 40*c. Give n(-4).
-3
Suppose 0 = -l - 11 + 36. Suppose 7*c = 10*c - 60. Let p be (-10)/(-4)*c/l. Let s(y) = -3*y. Determine s(p).
-6
Let x = -4 + 6. Let s(d) = 6*d + 3. Let k(i) = -19*i - 10. Let g(t) = x*k(t) + 7*s(t). Let o be 16/(-8)*2/4. What is g(o)?
-3
Let s(f) = -7*f - 2*f + 16 + 8*f. Determine s(8).
8
Suppose i - 5 = 5*l, -5*i + l = -3*l - 25. Let w be (-8)/6*(i - 2). Let r(n) = n**3 + 3*n**2 - 3*n + 4. Determine r(w).
0
Suppose -q - 2 = 5*r, 5*q - 2*r - 17 = -0*r. Let g(p) = q*p + 3*p + p. Calculate g(1).
7
Let o(q) = -7*q**3 + q + 1. Suppose 0 = -5*l - 15, -2*l - 14 = 4*s - 4. Calculate o(s).
7
Let t(v) = -1 - 2*v - 